{"id":94,"date":"2020-04-23T17:25:05","date_gmt":"2020-04-23T17:25:05","guid":{"rendered":"https:\/\/sancolodi.it\/?page_id=94"},"modified":"2025-08-18T09:18:31","modified_gmt":"2025-08-18T09:18:31","slug":"home","status":"publish","type":"page","link":"https:\/\/www.sancolodi.it\/","title":{"rendered":"Home"},"content":{"rendered":"\n<section class=\"wp-block-uagb-section uagb-section__wrap uagb-section__background-image uagb-block-6ead79b6-598c-4fc4-9683-73d256b69a6c\"><div class=\"uagb-section__overlay\"><\/div><div class=\"uagb-section__inner-wrap\">\n<div class=\"wp-block-uagb-info-box uagb-block-2bb80248-2d70-4373-8831-4bfa9d74e92f uagb-infobox__content-wrap  uagb-infobox-icon-above-title uagb-infobox-image-valign-top\"><div class=\"uagb-ifb-content\"><div class=\"uagb-ifb-image-content\"><img decoding=\"async\" src=\"https:\/\/sancolodi.it\/wp-content\/uploads\/2020\/04\/frill-free-img.png\" width=\"250\" height=\"27\" loading=\"lazy\"\/><\/div><div class=\"uagb-ifb-title-wrap\"><h1 class=\"uagb-ifb-title\">Sancolodi<\/h1><\/div><div class=\"uagb-ifb-separator\"><\/div><p class=\"uagb-ifb-desc\">Pizzeria Ristorante Birrificio<\/p><\/div><\/div>\n\n\n\n<div class=\"wp-block-uagb-advanced-heading uagb-block-f07b48cd-70f6-448c-92e3-4360760d9923\" id=\"uagb-adv-heading-1b53e378-80a3-4801-beb9-5e5b160013d2\"><p class=\"uagb-desc-text\"><em>Good Food | Good Beer<\/em><\/p><\/div>\n\n\n\n<p><\/p>\n<\/div><\/section>\n\n\n\n<section class=\"wp-block-uagb-section uagb-section__wrap uagb-section__background-image uagb-block-7a8e4799-5539-4fb3-aaab-29eedc7b4592\"><div class=\"uagb-section__overlay\"><\/div><div class=\"uagb-section__inner-wrap\">\n<div class=\"wp-block-columns has-3-columns is-layout-flex wp-container-core-columns-is-layout-28f84493 wp-block-columns-is-layout-flex\">\n<div class=\"wp-block-column is-layout-flow wp-block-column-is-layout-flow\">\n<div class=\"wp-block-uagb-info-box uagb-block-f9035520-28ec-4500-8a51-ebd42383b30e uagb-infobox__content-wrap  uagb-infobox-icon-above-title uagb-infobox-image-valign-top\"><div class=\"uagb-ifb-content\"><div class=\"uagb-ifb-title-wrap\"><h2 class=\"uagb-ifb-title\">Benvenuto<\/h2><\/div><p class=\"uagb-ifb-desc\">Lasciati coinvolgere dal nostro clima famigliare<\/p><\/div><\/div>\n\n\n\n<div class=\"uagb-infobox__outer-wrap uagb-block-938046a9-66c5-4a92-8e8e-ff5563615d60\">\n<div class=\"uagb-infobox__content-wrap uagb-infobox uagb-infobox-has-icon uagb-infobox-icon-above-title uagb-infobox-image-valign-top uagb-infobox-enable-border-radius \">\n<div class=\"uagb-ifb-left-right-wrap\">\n<div class=\"uagb-ifb-content\">\n<div class=\"uagb-ifb-title-wrap\"><span class=\"uagb-ifb-title-prefix\"><br \/><\/span><\/p>\n<h3 class=\"uagb-ifb-title\">La nostra storia<\/h3>\n<\/div>\n<div class=\"uagb-ifb-text-wrap\">\n<p class=\"uagb-ifb-desc\">Pizzeria Sancolodi nasce nel 1991 dal sogno di Aldo Sancolodi e Graziella Forlin di continuare l\u2019attivit\u00e0 di ristorazione della famiglia.<\/p>\n<div class=\"uagb-ifb-cta uagb-infobox-cta-link-style\">\n<div class=\"uagb-ifb-button-wrapper\">&nbsp;<\/div>\n<\/div>\n<\/div>\n<\/div>\n<\/div>\n<\/div>\n<\/div>\n\n\n\n<div class=\"wp-block-buttons is-layout-flex wp-block-buttons-is-layout-flex\">\n<div class=\"wp-block-button\"><a class=\"wp-block-button__link wp-element-button\" href=\"https:\/\/sancolodi.it\/index.php\/la-nostra-storia\/\">Scopri di pi\u00f9<\/a><\/div>\n<\/div>\n<\/div>\n\n\n\n<div class=\"wp-block-column is-layout-flow wp-block-column-is-layout-flow\">\n<figure class=\"wp-block-image size-large is-resized\"><img loading=\"lazy\" decoding=\"async\" width=\"1024\" height=\"733\" src=\"https:\/\/sancolodi.it\/wp-content\/uploads\/2020\/04\/Annotazione-2020-04-23-181400-1024x733.jpg\" alt=\"\" class=\"wp-image-75\" style=\"width:355px;height:254px\" srcset=\"https:\/\/www.sancolodi.it\/wp-content\/uploads\/2020\/04\/Annotazione-2020-04-23-181400-1024x733.jpg 1024w, https:\/\/www.sancolodi.it\/wp-content\/uploads\/2020\/04\/Annotazione-2020-04-23-181400-300x215.jpg 300w, https:\/\/www.sancolodi.it\/wp-content\/uploads\/2020\/04\/Annotazione-2020-04-23-181400-768x550.jpg 768w, https:\/\/www.sancolodi.it\/wp-content\/uploads\/2020\/04\/Annotazione-2020-04-23-181400.jpg 1200w\" sizes=\"auto, (max-width: 1024px) 100vw, 1024px\" \/><\/figure>\n\n\n\n<figure class=\"wp-block-image is-resized\"><img loading=\"lazy\" decoding=\"async\" width=\"937\" height=\"712\" src=\"https:\/\/sancolodi.it\/wp-content\/uploads\/2020\/04\/pizza_1.jpg\" alt=\"\" class=\"wp-image-38\" style=\"width:352px;height:267px\" srcset=\"https:\/\/www.sancolodi.it\/wp-content\/uploads\/2020\/04\/pizza_1.jpg 937w, https:\/\/www.sancolodi.it\/wp-content\/uploads\/2020\/04\/pizza_1-300x228.jpg 300w, https:\/\/www.sancolodi.it\/wp-content\/uploads\/2020\/04\/pizza_1-768x584.jpg 768w\" sizes=\"auto, (max-width: 937px) 100vw, 937px\" \/><\/figure>\n<\/div>\n\n\n\n<div class=\"wp-block-column is-layout-flow wp-block-column-is-layout-flow\">\n<section class=\"wp-block-uagb-section uagb-section__wrap uagb-section__background-image uagb-block-7375bc98-3fd1-4113-9c58-6ca69536b82e\"><div class=\"uagb-section__overlay\"><\/div><div class=\"uagb-section__inner-wrap\">\n<div class=\"wp-block-uagb-advanced-heading uagb-block-dc4fd520-1765-4561-8bbc-e02f4862a5d7\" id=\"uagb-adv-heading-00c96a54-e38d-4481-8d20-cab8beba3aa1\"><h2 class=\"uagb-heading-text\">Orari<\/h2><p class=\"uagb-desc-text\"> <br>Luned\u00ec dalle 9.30 alle 14.30<br> dal Marted\u00ec alla Venerd\u00ec dalle 9.30 alle 14.30 \u2013 dalle 17.00 alle 24.00<br>Sabato e Domenica dalle 9.30 alle 24.00<\/p><\/div>\n<\/div><\/section>\n<\/div>\n<\/div>\n\n\n\n<h2 class=\"wp-block-heading has-text-align-center\"><strong><span class=\"has-inline-color has-luminous-vivid-orange-color\">&#8230;Il nostro ambiente<\/span><\/strong><\/h2>\n\n\n\n<hr class=\"wp-block-separator has-css-opacity\"\/>\n\n\n\n<section class=\"wp-block-uagb-section uagb-section__wrap uagb-section__background-undefined uagb-block-edd38faa-3410-4c91-9ed8-31abcbee4781\"><div class=\"uagb-section__overlay\"><\/div><div class=\"uagb-section__inner-wrap\">\n<figure class=\"wp-block-gallery has-nested-images columns-default is-cropped wp-block-gallery-1 is-layout-flex wp-block-gallery-is-layout-flex\">\n<figure class=\"wp-block-image\"><img loading=\"lazy\" decoding=\"async\" width=\"1024\" height=\"1024\" data-id=\"244\" src=\"https:\/\/sancolodi.it\/wp-content\/uploads\/2020\/05\/IMG_20200516_145726_675-min-1024x1024.jpg\" alt=\"\" class=\"wp-image-244\" srcset=\"https:\/\/www.sancolodi.it\/wp-content\/uploads\/2020\/05\/IMG_20200516_145726_675-min-1024x1024.jpg 1024w, https:\/\/www.sancolodi.it\/wp-content\/uploads\/2020\/05\/IMG_20200516_145726_675-min-300x300.jpg 300w, https:\/\/www.sancolodi.it\/wp-content\/uploads\/2020\/05\/IMG_20200516_145726_675-min-150x150.jpg 150w, https:\/\/www.sancolodi.it\/wp-content\/uploads\/2020\/05\/IMG_20200516_145726_675-min-768x768.jpg 768w, https:\/\/www.sancolodi.it\/wp-content\/uploads\/2020\/05\/IMG_20200516_145726_675-min.jpg 1080w\" sizes=\"auto, (max-width: 1024px) 100vw, 1024px\" \/><\/figure>\n\n\n\n<figure class=\"wp-block-image\"><img loading=\"lazy\" decoding=\"async\" width=\"714\" height=\"960\" data-id=\"275\" src=\"https:\/\/sancolodi.it\/wp-content\/uploads\/2020\/06\/104313091_3044845418934097_2976263316163260001_o-min.jpg\" alt=\"\" class=\"wp-image-275\" srcset=\"https:\/\/www.sancolodi.it\/wp-content\/uploads\/2020\/06\/104313091_3044845418934097_2976263316163260001_o-min.jpg 714w, https:\/\/www.sancolodi.it\/wp-content\/uploads\/2020\/06\/104313091_3044845418934097_2976263316163260001_o-min-223x300.jpg 223w\" sizes=\"auto, (max-width: 714px) 100vw, 714px\" \/><\/figure>\n\n\n\n<figure class=\"wp-block-image\"><img loading=\"lazy\" decoding=\"async\" width=\"1024\" height=\"1024\" data-id=\"243\" src=\"https:\/\/sancolodi.it\/wp-content\/uploads\/2020\/05\/IMG_20200516_145726_674-min-1024x1024.jpg\" alt=\"\" class=\"wp-image-243\" srcset=\"https:\/\/www.sancolodi.it\/wp-content\/uploads\/2020\/05\/IMG_20200516_145726_674-min-1024x1024.jpg 1024w, https:\/\/www.sancolodi.it\/wp-content\/uploads\/2020\/05\/IMG_20200516_145726_674-min-300x300.jpg 300w, https:\/\/www.sancolodi.it\/wp-content\/uploads\/2020\/05\/IMG_20200516_145726_674-min-150x150.jpg 150w, https:\/\/www.sancolodi.it\/wp-content\/uploads\/2020\/05\/IMG_20200516_145726_674-min-768x768.jpg 768w, https:\/\/www.sancolodi.it\/wp-content\/uploads\/2020\/05\/IMG_20200516_145726_674-min.jpg 1080w\" sizes=\"auto, (max-width: 1024px) 100vw, 1024px\" \/><\/figure>\n<\/figure>\n<\/div><\/section>\n\n\n\n<p><\/p>\n<\/div><\/section>\n","protected":false},"excerpt":{"rendered":"","protected":false},"author":2,"featured_media":0,"parent":0,"menu_order":0,"comment_status":"closed","ping_status":"closed","template":"","meta":{"_uag_custom_page_level_css":"","site-sidebar-layout":"no-sidebar","site-content-layout":"page-builder","ast-site-content-layout":"full-width-container","site-content-style":"unboxed","site-sidebar-style":"unboxed","ast-global-header-display":"","ast-banner-title-visibility":"","ast-main-header-display":"","ast-hfb-above-header-display":"","ast-hfb-below-header-display":"","ast-hfb-mobile-header-display":"","site-post-title":"disabled","ast-breadcrumbs-content":"","ast-featured-img":"disabled","footer-sml-layout":"","ast-disable-related-posts":"","theme-transparent-header-meta":"default","adv-header-id-meta":"","stick-header-meta":"default","header-above-stick-meta":"","header-main-stick-meta":"","header-below-stick-meta":"","astra-migrate-meta-layouts":"set","ast-page-background-enabled":"default","ast-page-background-meta":{"desktop":{"background-color":"","background-image":"","background-repeat":"repeat","background-position":"center center","background-size":"auto","background-attachment":"scroll","background-type":"","background-media":"","overlay-type":"","overlay-color":"","overlay-opacity":"","overlay-gradient":""},"tablet":{"background-color":"","background-image":"","background-repeat":"repeat","background-position":"center center","background-size":"auto","background-attachment":"scroll","background-type":"","background-media":"","overlay-type":"","overlay-color":"","overlay-opacity":"","overlay-gradient":""},"mobile":{"background-color":"","background-image":"","background-repeat":"repeat","background-position":"center center","background-size":"auto","background-attachment":"scroll","background-type":"","background-media":"","overlay-type":"","overlay-color":"","overlay-opacity":"","overlay-gradient":""}},"ast-content-background-meta":{"desktop":{"background-color":"var(--ast-global-color-5)","background-image":"","background-repeat":"repeat","background-position":"center center","background-size":"auto","background-attachment":"scroll","background-type":"","background-media":"","overlay-type":"","overlay-color":"","overlay-opacity":"","overlay-gradient":""},"tablet":{"background-color":"var(--ast-global-color-5)","background-image":"","background-repeat":"repeat","background-position":"center center","background-size":"auto","background-attachment":"scroll","background-type":"","background-media":"","overlay-type":"","overlay-color":"","overlay-opacity":"","overlay-gradient":""},"mobile":{"background-color":"var(--ast-global-color-5)","background-image":"","background-repeat":"repeat","background-position":"center center","background-size":"auto","background-attachment":"scroll","background-type":"","background-media":"","overlay-type":"","overlay-color":"","overlay-opacity":"","overlay-gradient":""}},"footnotes":""},"class_list":["post-94","page","type-page","status-publish","hentry"],"uagb_featured_image_src":{"full":false,"thumbnail":false,"medium":false,"medium_large":false,"large":false,"1536x1536":false,"2048x2048":false},"uagb_author_info":{"display_name":"sancolodi","author_link":"https:\/\/www.sancolodi.it\/index.php\/author\/sancolodi\/"},"uagb_comment_info":0,"uagb_excerpt":null,"_links":{"self":[{"href":"https:\/\/www.sancolodi.it\/index.php\/wp-json\/wp\/v2\/pages\/94","targetHints":{"allow":["GET"]}}],"collection":[{"href":"https:\/\/www.sancolodi.it\/index.php\/wp-json\/wp\/v2\/pages"}],"about":[{"href":"https:\/\/www.sancolodi.it\/index.php\/wp-json\/wp\/v2\/types\/page"}],"author":[{"embeddable":true,"href":"https:\/\/www.sancolodi.it\/index.php\/wp-json\/wp\/v2\/users\/2"}],"replies":[{"embeddable":true,"href":"https:\/\/www.sancolodi.it\/index.php\/wp-json\/wp\/v2\/comments?post=94"}],"version-history":[{"count":26,"href":"https:\/\/www.sancolodi.it\/index.php\/wp-json\/wp\/v2\/pages\/94\/revisions"}],"predecessor-version":[{"id":324,"href":"https:\/\/www.sancolodi.it\/index.php\/wp-json\/wp\/v2\/pages\/94\/revisions\/324"}],"wp:attachment":[{"href":"https:\/\/www.sancolodi.it\/index.php\/wp-json\/wp\/v2\/media?parent=94"}],"curies":[{"name":"wp","href":"https:\/\/api.w.org\/{rel}","templated":true}]}}